= q + 14. Let i be f(-16). Let c(j) = 3*j**3 - 5*j**2 + 8*j. Let b(s) = -7*s**3 + 9*s**2 - 17*s + 1. Let u(x) = i*b(x) - 5*c(x). Determine u(6).
-2
Let h be 0 + 0 + -3 + 3. Let g(t) be the third derivative of t**6/120 - 19*t**3/6 + 32*t**2 + 2. Calculate g(h).
-19
Let x(d) = 6*d + 6. Let r(k) = 2*k + 44. Let v be r(-20). Suppose 0*g + 8 = 3*g + 5*w, 2*g + 24 = v*w. Determine x(g).
-18
Let t(h) be the first derivative of -7*h**3/3 - h - 15. What is t(-2)?
-29
Let b be (-14)/((-2 + 6)/(-8)). Let g = b - 21. Let m(p) be the second derivative of p**5/20 - 2*p**4/3 + p**3 + 9*p**2/2 - 17*p. What is m(g)?
2
Let t(a) = 3*a + 8. Let z(j) = -2*j - 5. Let f(v) = -5*t(v) - 8*z(v). Let d be f(4). Let w(c) = -10*c**2 + 3*c + 11*c**2 + 4*c + d. Determine w(-5).
-6
Suppose 2*o + 0 = -2. Let b(r) = r. Let x(l) = l**2 + 10*l - 7. Let m(z) = o*x(z) + 6*b(z). Calculate m(-6).
-5
Let h(s) = 2 + 12 - 8 - 2*s**2 + 3*s**2 + 19*s. Calculate h(-19).
6
Suppose 2*f - 2*a - 14 = -0*f, 5*f - 26 = 2*a. Let n(d) = 16*d - 7 - 5*d - f*d - 6*d. Give n(6).
-1
Let m(d) = 7*d. Let t be m(-3). Let o be (-48)/t - 6/21. Let n(k) = 4*k - 5*k - 8*k**3 + 7*k**3. What is n(o)?
-10
Let i(d) = d**3 + 5*d**2 + d + 1. Let f be (((-44)/(-6))/(-1))/(11/(-132)). Let w be 37/(-8) + (-33)/f. Calculate i(w).
-4
Let x(r) = -2*r + 4*r + 17 - 3*r + 4*r**2 - 3*r**2. Let l be 3*(-8)/12 + 2. Determine x(l).
17
Let n(p) = 3*p - p**3 + 0*p**3 + 0*p**2 - 5 + 0*p**3 - 7*p**2. What is n(-7)?
-26
Let o(g) = -g - 1. Suppose 35 + 65 = 4*v. Let m = v - 27. What is o(m)?
1
Let w(o) be the second derivative of o**4/12 + o**3/6 - o**2/2 - 322*o. Calculate w(3).
11
Let g(q) = q**2 - 5. Let v(d) = -d**2 + d + 4. Let r(m) = -2*g(m) - 3*v(m). Calculate r(-1).
2
Let d = -22 - -27. Suppose -20 = -4*q - 5*s, -5*s = d*q + 1 - 21. Let l(t) = t + 2. Give l(q).
2
Let q be 1 - (-24)/16*(-2)/(-3). Suppose -16 = q*u + 5*n, 2 = -u - 3*n + 2*n. Let i(z) = 2*z - 3. Determine i(u).
1
Suppose -8*o + 28 = -4*o. Let z(x) = x - 10*x + 8 + x**3 + 252*x**2 - 258*x**2. What is z(o)?
-6
Suppose 0 = 4*j + 8, -3*b + 2*j + 9 = 8. Let w(i) = 5*i**3 - i**2 - 2*i - 2. Calculate w(b).
-6
Let q(h) = 50*h + 345. Let z be q(-7). Let o(c) = -c**3 - 6*c**2 - 2*c. Calculate o(z).
-15
Let v(x) = -x**2. Let a be v(0). Let z be (-1)/(-2)*(a + 0). Let c(r) be the first derivative of -r**3/3 + r**2/2 - 8*r + 1. Calculate c(z).
-8
Let l(f) = 2*f - f**2 - f**3 + 10*f**2 - 11*f + 10. Suppose -189*v + 5*s = -194*v + 25, 9 = 3*v + 5*s. Determine l(v).
2
Let y(w) = w**3 - w - 1. Let x(t) = t**3 - 8*t**2 - 11*t + 13. Let p be x(9). Let u(r) = -6*r**3 - r**2 + 9*r + 5. Let a(g) = p*y(g) - u(g). Give a(-3).
-6
Suppose 38*t - 54 = 29*t. Suppose -9*b - 18 = -t*b. Let w(o) = 1 - 7*o + 5*o**2 + o**3 - 1 - 3. Give w(b).
3
Suppose 0*d = 5*d + 20, 0 = k + 3*d + 12. Let h(b) = -b + 9 - 7 + k. Let j be 26/39 - 16/(-3). Give h(j).
-4
Let q(p) = -6 + 9*p - 4*p - 1 + p. Determine q(6).
29
Let w(a) = 4*a + 0 - 35*a**2 - 12*a**2 - 36*a**2 - 2 + 84*a**2. Let k be (-6 - (1 - 2))*-5. Suppose x + 7 = -o - 2*o, -5*o + x - k = 0. Give w(o).
-2
Let r = 73 + -42. Suppose 3*h - r - 10 = -4*f, 0 = -f - 4*h + 20. Let p(a) = 3 - 5 + a + f - 2. What is p(0)?
4
Let j be (-3 - (-24)/(3 - -1)) + -82. Let f = j - -77. Let l(d) = -6*d - 3. Give l(f).
9
Let i(f) be the first derivative of 6*f**3 + f**2 + f + 4. What is i(-1)?
17
Let v(o) = -8*o - 3. Let g(r) = -8*r - 50. Let q be g(-6). What is v(q)?
13
Let o(g) be the first derivative of -1/4*g**4 - g**2 - 2 + g + 0*g**3. Suppose 0*c = 2*l + 5*c + 21, -5*l + c + 15 = 0. What is o(l)?
-11
Let i(u) be the third derivative of u**4 + u**3/6 - 2*u**2 + 3. Determine i(-1).
-23
Let k(c) = 5 - 7*c**2 - 4483*c - 4481*c + c**3 + 8963*c. What is k(5)?
-50
Let o(s) be the first derivative of -s**3/3 + s**2 - 3*s + 1. Let y(l) = 9*l + 33. Let t be y(-6). Let c be (35/t)/((-5)/6). Determine o(c).
-3
Let p(h) = h**2 + 6 + 3 + 0 - 8*h. Let n be (-40)/20 - (-3)/((-3)/(-16)). Suppose n = 4*t - 2*t. What is p(t)?
2
Let n(d) = -10 - 119*d + 108*d - 5 - 13 - d**2. Calculate n(-8).
-4
Let z(g) = -g**3 + 8*g**2 - 7*g + 9. Let y be z(7). Let b(q) = -5*q**2 - y*q**3 - 2*q + 2*q - q + 10*q**3. Give b(4).
-20
Let y(p) = p - 8. Let a be ((63/6)/7)/(3/12). Suppose 0*q = a*q + 2*q. Calculate y(q).
-8
Let b(k) = k + 10. Let g(h) = -h + 11. Let j be g(6). Suppose -3*u + j*u = -12. What is b(u)?
4
Let x(g) = -2*g - 4. Suppose -d = 2*d - 36. Suppose d = -8*j + 4*j. Let i be x(j). Let y(f) = 5*f - 2. Calculate y(i).
8
Let g = -51/2 + 613/24. Let z(p) be the third derivative of -13*p**2 + 0 + 4/3*p**3 - g*p**4 + 0*p. Determine z(7).
1
Let c(l) be the second derivative of -l**6/120 - l**5/120 + 5*l**4/4 + 14*l. Let z(r) be the third derivative of c(r). Give z(-2).
11
Let p(k) be the first derivative of 2*k**2 - 4*k - 116. Determine p(-6).
-28
Let u(n) be the first derivative of n**6/120 - 2*n**5/15 + 7*n**4/24 - 5*n**3/6 - n**2/2 - 17. Let r(t) be the second derivative of u(t). Give r(7).
-5
Let u(g) be the third derivative of -g**6/120 - g**5/60 + g**4/24 + 13*g**3/2 + 42*g**2 + 2*g. Calculate u(0).
39
Suppose 0 = 2*y + 10, k + 2*y + 2*y + 18 = 0. Suppose 5*f + 6*b = 2*b, 5*b = -3*f - 13. Let o(s) = -5*s**2 + f*s**k + 5*s**2 - 3*s - 5*s**2. Determine o(-4).
-4
Let a(p) = -150 + 138 + 2*p**3 + 6*p - 7*p**2 - 4*p**2. What is a(5)?
-7
Let k(l) = -4*l + 1 - 4 + 0. Suppose -3*q = -b - 31, -4*q = -2*b + b - 34. Let y = b - -20. Determine k(y).
5
Suppose 0 = 13*q - 29 + 42. Let k(y) = y**3. Determine k(q).
-1
Let b(q) = 0*q + 37*q**2 - 7*q - 38*q**2 + 8. Let w be b(-7). Let r(y) = -3*y - 2*y + 4*y + w - 5. Determine r(5).
-2
Let f(c) = -c**2 + 3. Let m(i) = -i + 21. Let z be m(10). Suppose 0 = 7*h - z*h. Determine f(h).
3
Let n(h) = -h**3 + 7*h**2 - h - 7. Let r be ((-9)/18 + 0)/(2/(-28)). Determine n(r).
-14
Let q(a) = a**3 - 5*a**2 - 4*a - 3. Suppose 2*d - 3 = d. Let s(p) = 3*p**2 + 2*p + 2. Let n(b) = d*q(b) + 5*s(b). What is n(1)?
2
Let h(v) be the third derivative of -v**6/120 + v**5/20 - v**4/12 - v**3/6 - 2*v**2. Suppose 0 = 5*i - 4*p - 19, 25*p - 20*p = 5*i - 20. What is h(i)?
-7
Let i(d) = 2*d**2 - 17362*d - 4 + 0*d**3 - d**3 + 17361*d. What is i(2)?
-6
Let u(g) = -g + 16. Suppose -5*p - 5 = 5*i + 15, -2*p = -5*i - 20. Calculate u(p).
16
Let m be 61 + 2/(-2) - 0. Suppose 10*q + 0*q = m. Let g(n) = -n**2 + 8*n - 9. Calculate g(q).
3
Let m = -23 - -21. Let b(c) = -c. What is b(m)?
2
Let x(w) = -w**2 + 3*w + 3. Let a be ((-6)/(-18))/(4/(-36)). Suppose -3*y + 1 = 7. Let c be ((-1)/a)/(y/(-18)). Determine x(c).
3
Let j(d) = -4*d**2 + 4*d - 3 - 1 - 2 + d**3. Let h be ((-3)/(-12))/(-2 - (-171)/84). Suppose 5*q = 5*v + h + 28, 2*q + 5*v + 7 = 0. Give j(q).
10
Let r(v) be the third derivative of 0*v - v**2 + 1/120*v**6 - 1/30*v**5 + 0 - 1/6*v**3 - 1/24*v**4. Let c = 31 + -29. Calculate r(c).
-3
Suppose -9 = -4*k - 1. Suppose k*m = 4*l + 6, -l + 2*m - 1 = m. Let c = -2 + l. Let n(z) = -3*z - 4. Calculate n(c).
8
Let j(d) be the second derivative of -d**5/20 - d**4/4 + d**2 - 2*d - 37. Let y be 6/(-15) + (-13)/5. Determine j(y).
2
Let t be (-12)/(-6 - -3) + 0. Suppose -5*o + 4*j = -13, -t*o - j = -0 - 2. Let q(c) = -9*c**2 + 2*c - 1. What is q(o)?
-8
Let m(z) = -z**2 + 7*z - 8. Let n = -16 + 24. Suppose n*r - 3*r = -80. Let l = r + 22. What is m(l)?
-2
Let j(d) = 4*d**3 + 4*d**2 - 6*d + 1. Let f(g) = -g**3 + g. Suppose 3*q = -t - 1, -3*t + 2*t = q + 9. Let b = 8 + t. Let a(r) = b*f(r) - j(r). Calculate a(4).
3
Let v(d) be the first derivative of -d**3/3 - 9*d**2/2 + 11*d + 5. Give v(-10).
1
Let a(k) be the third derivative of k**7/2520 - 7*k**6/720 + k**5/40 + 7*k**4/8 + 7*k**2. Let d(q) be the second derivative of a(q). Determine d(5).
-7
Let m = 2039 - 2033. Let r(i) = i**2 - 3*i - 11. What is r(m)?
7
Let h(w) = 25*w - 2 - 16*w - 10*w. What is h(5)?
-7
Let h(s) = -s**3 + 37*s**2 - 21*s - 527. Let a be h(36). Let q(v) = -v**2 + 14*v - 15. What is q(a)?
-2
Let b(f) = f**2 + 7*f - 6. Let j(y) = -y**3 - 7*y**2 + 10*y + 18. Let w be j(-8). Suppose -15 = 3*x + 2*n, -w*x + 2*n = -2*n + 26. Give b(x).
-6
Suppose 0 = 4*q + q + 5. Let i(m) be the second derivative of 2*m**4/3 - m**3/3 - m**2/2 - 5*m - 1. What is i(q)?
9
Let m(h) = 3*h - 3. Let q(y) = -3*y**3 - 1 + 17*y + 5*y**3 - 14*y - y**2. L